{"id":551,"date":"2014-05-10T15:24:02","date_gmt":"2014-05-10T14:24:02","guid":{"rendered":"http:\/\/www.skiteam-bellersheim.de\/?page_id=551"},"modified":"2025-01-28T19:05:27","modified_gmt":"2025-01-28T18:05:27","slug":"2013-2","status":"publish","type":"page","link":"https:\/\/www.skiteam-bellersheim.de\/?page_id=551","title":{"rendered":"2013"},"content":{"rendered":"<p align=\"center\"><strong><span style=\"text-decoration: underline;\">Frauenskifreizeit 2013<\/span><\/strong><br \/>\n<strong><span style=\"text-decoration: underline;\">vom 15. \u2013 17. Februar in Hintertux<\/span><\/strong><\/p>\n<p style=\"text-align: left;\" align=\"center\">\u00a0Mit einem Kleinbus und einem PKW starteten 10 Frauen am Freitagmorgen zu einer dreit\u00e4gigen Skifreizeit nach Hintertux im Zillertal.<\/p>\n<p style=\"text-align: left;\" align=\"center\">Nach ca. 6 st\u00fcndiger Fahrt, und kurzem Check-In im Hotel K\u00f6ssler in Hintertux, machte man sich fertig f\u00fcr die Piste.<\/p>\n<p style=\"text-align: left;\" align=\"center\">Der Gletscher war das Ziel f\u00fcr diesen Tag. Bei schlechten Sichtverh\u00e4ltnissen mussten sich alle erst einmal zurechtfinden.<\/p>\n<p style=\"text-align: left;\" align=\"center\">Bei anschlie\u00dfenden Apres-Ski in der Tenne war die Stimmung super.<\/p>\n<p style=\"text-align: left;\" align=\"center\">Am n\u00e4chsten Morgen entschloss man sich das Skigebiet Finkenberg auszuprobieren.<\/p>\n<p style=\"text-align: left;\" align=\"center\">Bei Sonnenschein und vielf\u00e4ltigem Pistenangebot, verbrachten wir einen tollen Skitag, der im \u201eHexenkessel\u201c beim Apres-Ski seinen Ausklang fand. Mit dem letzten Skibus ging es dann zur\u00fcck ins Hotel zum Abendessen.<\/p>\n<p style=\"text-align: left;\" align=\"center\">Am Sonntag ging`s wieder nach Finkenberg, bevor wir uns gegen 16 Uhr auf den Heimweg machten. Drei sch\u00f6ne Skitage gingen zu Ende und wir beschlossen:<\/p>\n<p style=\"text-align: center;\" align=\"center\"><strong>\u201eDas machen wir wieder\u201c.<\/strong><\/p>\n<p style=\"text-align: left;\" align=\"center\">Gesagt, getan. Am 1. Mai 2014 starten wir erneut. Unser Ziel ist der Stubaier Gletscher. Wir freuen uns schon.<\/p>\n<div id='gallery-1' class='gallery galleryid-551 gallery-columns-2 gallery-size-thumbnail'><figure class='gallery-item'>\n\t\t\t<div class='gallery-icon landscape'>\n\t\t\t\t<a href='https:\/\/www.skiteam-bellersheim.de\/wp-content\/uploads\/Hintertux-2013-1.jpg'><img loading=\"lazy\" decoding=\"async\" width=\"150\" height=\"150\" src=\"https:\/\/www.skiteam-bellersheim.de\/wp-content\/uploads\/Hintertux-2013-1-150x150.jpg\" class=\"attachment-thumbnail size-thumbnail\" alt=\"\" \/><\/a>\n\t\t\t<\/div><\/figure><figure class='gallery-item'>\n\t\t\t<div class='gallery-icon landscape'>\n\t\t\t\t<a href='https:\/\/www.skiteam-bellersheim.de\/wp-content\/uploads\/Hintertux-2013-2.jpg'><img loading=\"lazy\" decoding=\"async\" width=\"150\" height=\"150\" src=\"https:\/\/www.skiteam-bellersheim.de\/wp-content\/uploads\/Hintertux-2013-2-150x150.jpg\" class=\"attachment-thumbnail size-thumbnail\" alt=\"\" \/><\/a>\n\t\t\t<\/div><\/figure><figure class='gallery-item'>\n\t\t\t<div class='gallery-icon landscape'>\n\t\t\t\t<a href='https:\/\/www.skiteam-bellersheim.de\/wp-content\/uploads\/Hintertux-2013-3.jpg'><img loading=\"lazy\" decoding=\"async\" width=\"150\" height=\"150\" src=\"https:\/\/www.skiteam-bellersheim.de\/wp-content\/uploads\/Hintertux-2013-3-150x150.jpg\" class=\"attachment-thumbnail size-thumbnail\" alt=\"\" \/><\/a>\n\t\t\t<\/div><\/figure><figure class='gallery-item'>\n\t\t\t<div class='gallery-icon landscape'>\n\t\t\t\t<a href='https:\/\/www.skiteam-bellersheim.de\/wp-content\/uploads\/Hintertux-2013-4.jpg'><img loading=\"lazy\" decoding=\"async\" width=\"150\" height=\"150\" src=\"https:\/\/www.skiteam-bellersheim.de\/wp-content\/uploads\/Hintertux-2013-4-150x150.jpg\" class=\"attachment-thumbnail size-thumbnail\" alt=\"\" \/><\/a>\n\t\t\t<\/div><\/figure><figure class='gallery-item'>\n\t\t\t<div class='gallery-icon portrait'>\n\t\t\t\t<a href='https:\/\/www.skiteam-bellersheim.de\/wp-content\/uploads\/Hintertux-2013-5.jpg'><img loading=\"lazy\" decoding=\"async\" width=\"150\" height=\"150\" src=\"https:\/\/www.skiteam-bellersheim.de\/wp-content\/uploads\/Hintertux-2013-5-150x150.jpg\" class=\"attachment-thumbnail size-thumbnail\" alt=\"\" \/><\/a>\n\t\t\t<\/div><\/figure>\n\t\t<\/div>\n\n","protected":false},"excerpt":{"rendered":"<p>Frauenskifreizeit 2013 vom 15. \u2013 17. Februar in Hintertux \u00a0Mit einem Kleinbus und einem PKW starteten 10 Frauen am Freitagmorgen zu einer dreit\u00e4gigen Skifreizeit nach Hintertux im Zillertal. Nach ca. 6 st\u00fcndiger Fahrt, und kurzem Check-In im Hotel K\u00f6ssler in Hintertux, machte man sich fertig f\u00fcr die Piste. Der Gletscher war das Ziel f\u00fcr diesen [&hellip;]<\/p>\n","protected":false},"author":1,"featured_media":0,"parent":545,"menu_order":2,"comment_status":"closed","ping_status":"closed","template":"","meta":{"ngg_post_thumbnail":0,"footnotes":""},"class_list":["post-551","page","type-page","status-publish","hentry"],"_links":{"self":[{"href":"https:\/\/www.skiteam-bellersheim.de\/index.php?rest_route=\/wp\/v2\/pages\/551","targetHints":{"allow":["GET"]}}],"collection":[{"href":"https:\/\/www.skiteam-bellersheim.de\/index.php?rest_route=\/wp\/v2\/pages"}],"about":[{"href":"https:\/\/www.skiteam-bellersheim.de\/index.php?rest_route=\/wp\/v2\/types\/page"}],"author":[{"embeddable":true,"href":"https:\/\/www.skiteam-bellersheim.de\/index.php?rest_route=\/wp\/v2\/users\/1"}],"replies":[{"embeddable":true,"href":"https:\/\/www.skiteam-bellersheim.de\/index.php?rest_route=%2Fwp%2Fv2%2Fcomments&post=551"}],"version-history":[{"count":5,"href":"https:\/\/www.skiteam-bellersheim.de\/index.php?rest_route=\/wp\/v2\/pages\/551\/revisions"}],"predecessor-version":[{"id":609,"href":"https:\/\/www.skiteam-bellersheim.de\/index.php?rest_route=\/wp\/v2\/pages\/551\/revisions\/609"}],"up":[{"embeddable":true,"href":"https:\/\/www.skiteam-bellersheim.de\/index.php?rest_route=\/wp\/v2\/pages\/545"}],"wp:attachment":[{"href":"https:\/\/www.skiteam-bellersheim.de\/index.php?rest_route=%2Fwp%2Fv2%2Fmedia&parent=551"}],"curies":[{"name":"wp","href":"https:\/\/api.w.org\/{rel}","templated":true}]}}

<p align="center"><strong><span style="text-decoration: underline;">Frauenskifreizeit 2013</span></strong><br />
<strong><span style="text-decoration: underline;">vom 15. – 17. Februar in Hintertux</span></strong></p>
<p style="text-align: left;" align="center"> Mit einem Kleinbus und einem PKW starteten 10 Frauen am Freitagmorgen zu einer dreitägigen Skifreizeit nach Hintertux im Zillertal.</p>
<p style="text-align: left;" align="center">Nach ca. 6 stündiger Fahrt, und kurzem Check-In im Hotel Kössler in Hintertux, machte man sich fertig für die Piste.</p>
<p style="text-align: left;" align="center">Der Gletscher war das Ziel für diesen Tag. Bei schlechten Sichtverhältnissen mussten sich alle erst einmal zurechtfinden.</p>
<p style="text-align: left;" align="center">Bei anschließenden Apres-Ski in der Tenne war die Stimmung super.</p>
<p style="text-align: left;" align="center">Am nächsten Morgen entschloss man sich das Skigebiet Finkenberg auszuprobieren.</p>
<p style="text-align: left;" align="center">Bei Sonnenschein und vielfältigem Pistenangebot, verbrachten wir einen tollen Skitag, der im „Hexenkessel“ beim Apres-Ski seinen Ausklang fand. Mit dem letzten Skibus ging es dann zurück ins Hotel zum Abendessen.</p>
<p style="text-align: left;" align="center">Am Sonntag ging`s wieder nach Finkenberg, bevor wir uns gegen 16 Uhr auf den Heimweg machten. Drei schöne Skitage gingen zu Ende und wir beschlossen:</p>
<p style="text-align: center;" align="center"><strong>„Das machen wir wieder“.</strong></p>
<p style="text-align: left;" align="center">Gesagt, getan. Am 1. Mai 2014 starten wir erneut. Unser Ziel ist der Stubaier Gletscher. Wir freuen uns schon.</p>
<div id='gallery-1' class='gallery galleryid-551 gallery-columns-2 gallery-size-thumbnail'><figure class='gallery-item'>
			<div class='gallery-icon landscape'>
				<a href='https://www.skiteam-bellersheim.de/wp-content/uploads/Hintertux-2013-1.jpg'><img loading="lazy" decoding="async" width="150" height="150" src="https://www.skiteam-bellersheim.de/wp-content/uploads/Hintertux-2013-1-150x150.jpg" class="attachment-thumbnail size-thumbnail" alt="" /></a>
			</div></figure><figure class='gallery-item'>
			<div class='gallery-icon landscape'>
				<a href='https://www.skiteam-bellersheim.de/wp-content/uploads/Hintertux-2013-2.jpg'><img loading="lazy" decoding="async" width="150" height="150" src="https://www.skiteam-bellersheim.de/wp-content/uploads/Hintertux-2013-2-150x150.jpg" class="attachment-thumbnail size-thumbnail" alt="" /></a>
			</div></figure><figure class='gallery-item'>
			<div class='gallery-icon landscape'>
				<a href='https://www.skiteam-bellersheim.de/wp-content/uploads/Hintertux-2013-3.jpg'><img loading="lazy" decoding="async" width="150" height="150" src="https://www.skiteam-bellersheim.de/wp-content/uploads/Hintertux-2013-3-150x150.jpg" class="attachment-thumbnail size-thumbnail" alt="" /></a>
			</div></figure><figure class='gallery-item'>
			<div class='gallery-icon landscape'>
				<a href='https://www.skiteam-bellersheim.de/wp-content/uploads/Hintertux-2013-4.jpg'><img loading="lazy" decoding="async" width="150" height="150" src="https://www.skiteam-bellersheim.de/wp-content/uploads/Hintertux-2013-4-150x150.jpg" class="attachment-thumbnail size-thumbnail" alt="" /></a>
			</div></figure><figure class='gallery-item'>
			<div class='gallery-icon portrait'>
				<a href='https://www.skiteam-bellersheim.de/wp-content/uploads/Hintertux-2013-5.jpg'><img loading="lazy" decoding="async" width="150" height="150" src="https://www.skiteam-bellersheim.de/wp-content/uploads/Hintertux-2013-5-150x150.jpg" class="attachment-thumbnail size-thumbnail" alt="" /></a>
			</div></figure>
		</div>

<p>Frauenskifreizeit 2013 vom 15. – 17. Februar in Hintertux  Mit einem Kleinbus und einem PKW starteten 10 Frauen am Freitagmorgen zu einer dreitägigen Skifreizeit nach Hintertux im Zillertal. Nach ca. 6 stündiger Fahrt, und kurzem Check-In im Hotel Kössler in Hintertux, machte man sich fertig für die Piste. Der Gletscher war das Ziel für diesen [&hellip;]</p>
