{"id":1655,"date":"2019-05-25T15:39:36","date_gmt":"2019-05-25T14:39:36","guid":{"rendered":"https:\/\/www.skiteam-bellersheim.de\/?page_id=1655"},"modified":"2025-01-28T18:21:43","modified_gmt":"2025-01-28T17:21:43","slug":"jugendordnung","status":"publish","type":"page","link":"https:\/\/www.skiteam-bellersheim.de\/?page_id=1655","title":{"rendered":"Jugendordnung"},"content":{"rendered":"\n<p><em><strong>Pr\u00e4ambel<\/strong><\/em><\/p>\n\n\n\n<p><em>Der Verein Skiteam Bellersheim\ne.V. m\u00f6chte seinen jungen Mitgliedern die M\u00f6glichkeit und die Verantwortung f\u00fcr\ndie Entwicklung eigener Ideen und W\u00fcnsche geben. Er erhofft sich von dem\nJugendvorstand, dass er mit Eigeninitiative die Zukunft unseres Vereins mitgestaltet\nund daf\u00fcr Sorge tr\u00e4gt, dass der Verein weiterhin auch f\u00fcr junge Menschen\nattraktiv bleibt. Die Basis hierf\u00fcr soll die nachfolgende Jugendordnung sein. <\/em><\/p>\n\n\n\n<p><strong>\u00a7 1 Zusammensetzung der Vereinsjugend<\/strong><\/p>\n\n\n\n<p>Mitglieder\nder Jugend des Skiteam Bellersheim e.V. sind alle Kinder, Jugendlichen und\njungen Erwachsenen bis zum vollendeten 27. Lebensjahr und alle gew\u00e4hlten oder\nberufenen Mitarbeiter und Mitarbeiterinnen der Vereinsjugend.<\/p>\n\n\n\n<p><strong>\u00a7 2 Aufgaben<\/strong><\/p>\n\n\n\n<p>Die\nVereinsjugend f\u00fchrt und verwaltet sich selbstst\u00e4ndig. Sie entscheidet \u00fcber die\nihr zuflie\u00dfenden Mittel in eigener Zust\u00e4ndigkeit.<\/p>\n\n\n\n<p>Zentrale\nAufgaben sind:<\/p>\n\n\n\n<ol class=\"wp-block-list\"><li>Entwicklung\nund F\u00f6rderung neuer und jugendgem\u00e4\u00dfer Formen von Sport und Bewegung.<\/li><li>Aufbau\njugendgem\u00e4\u00dfer Organisationsformen.<\/li><li>Umsetzung\nund Einhaltung der Grunds\u00e4tze der Kinder- und Jugendarbeit (siehe \u00a7 3).<\/li><li>Vernetzung\nder Kinder und Jugendarbeit nach innen und au\u00dfen (Abstimmung mit dem\nVereinsvorstand, mit anderen Vereinen, mit \u00f6ffentlichen und freien Tr\u00e4gern der\nJugendhilfe sowie mit anderen Bildungseinrichtungen).<\/li><\/ol>\n\n\n\n<p><strong>\u00a7 3 Grunds\u00e4tze der Kinder- und Jugendarbeit<\/strong><\/p>\n\n\n\n<p>Im\nSportverein treffen Kinder und Jugendlichen aus sehr unterschiedlichen sozialen\nZusammenh\u00e4ngen aufeinander. Alle sollten die Chance auf eine positive\nPers\u00f6nlichkeitsentwicklung haben. Deshalb sind folgende Grunds\u00e4tze zu beachten:<\/p>\n\n\n\n<ol class=\"wp-block-list\"><li><strong>Fairness<\/strong>:\nAlle Mitglieder der Vereinsjugend haben sich \u201eFair\u201c zueinander zu verhalten.\nSchw\u00e4chere oder Benachteiligte sind zu unterst\u00fctzen und die besonderen\nF\u00e4higkeiten (sportliche und auch pers\u00f6nliche) sind zu f\u00f6rdern. Weiterhin gilt\ndieser Grundsatz auch im Umgang mit den Mitgliedern des Vereins sowie mit\nsportlichen Gegnern, Schiedsrichtern und Zuschauern bei sportlichen\nWettk\u00e4mpfen.<\/li><li><strong>Respekt<\/strong>:\nAlle Mitglieder der Vereinsjugend sind gleich! Um den Respekt gegen\u00fcber anderen\nPersonen innerhalb der Vereinsjugend sowie im Verein und bei sportlichen\nWettk\u00e4mpfen und Aktivit\u00e4ten zu wahren, wird die Sprache \u201eDeutsch\u201c verwendet.\nDiskriminierungen aufgrund des Geschlechts oder politischer, konfessioneller\noder beruflicher Interessen und insbesondere der Herkunft (\u201eRassismus\u201c) finden\nnicht statt. <\/li><li><strong>Freiheit<\/strong>:\nJedes Mitglied hat ein Recht auf freie Meinungs\u00e4u\u00dferung auf der Grundlage eines\nrespektvollen Umgangs und kann auch frei dar\u00fcber entscheiden, sich aktiv in der\nVereinsjugend zu beteiligen oder nicht.<\/li><li><strong>Teamgeist<\/strong>:\nBesonders in den Mannschaftssportarten, aber auch bei den Einzelsportarten, ist\nder Teamgeist besonders zu f\u00f6rdern. Ziel muss sein, dass die Kinder und\nJugendlichen den Umgang in einer sozialen Gemeinschaft lernen und selbst diese\nGemeinschaft mitgestalten.<\/li><li><strong>Spa\u00df<\/strong>:\nVor jedem sportlichen Erfolg steht der Spa\u00df an der sportlichen Bet\u00e4tigung.<\/li><li><strong>Kindeswohl<\/strong>:\nUm das Kindeswohl zu sch\u00fctzen, hat sich jedes Vereinsmitglied, welches Kinder\noder Jugendliche betreut, zur Einhaltung des <strong>Verhaltenskodexes zum Kindeswohl<\/strong> durch Unterschrift zu\nverpflichten.<\/li><\/ol>\n\n\n\n<p><strong>\u00a7 4 Organe<\/strong><\/p>\n\n\n\n<p>Organe der Vereinsjugend sind:<\/p>\n\n\n\n<ol class=\"wp-block-list\"><li>die <strong>Vereinsjugendversammlung<\/strong>\n<\/li><li>der <strong>Vereinsjugendvorstand<\/strong><\/li><\/ol>\n\n\n\n<p><strong>\u00a7 5 Vereinsjugendversammlung <\/strong><\/p>\n\n\n\n<ol class=\"wp-block-list\"><li>Die Jugendversammlung setzt sich aus allen Mitgliedern der Jugend\nsowie den gew\u00e4hlten und berufenen Mitarbeiterinnen und Mitarbeitern (siehe \u00a7 1)\nzusammen. Sie ist das oberste Organ der Vereinsjugend.<\/li><\/ol>\n\n\n\n<p>Aufgaben der Jugendversammlung sind:<\/p>\n\n\n\n<ul class=\"wp-block-list\"><li>Information \u00fcber die Aktivit\u00e4ten des vergangenen Jahres (inkl.\neines Kassenberichts)<\/li><li>Entlastung und Wahl des Jugendvorstandes.<\/li><li>Ideen f\u00fcr die Arbeit des neuen Jugendvorstandes entwickeln.<\/li><li>Besprechung grunds\u00e4tzlicher Fragen der Vereinsjugendarbeit.<\/li><li>Beschluss \u00fcber eine Veranstaltungsplanung des kommenden Jahres und\n\u00fcber die Verwendung der daf\u00fcr zur Verf\u00fcgung stehenden Mittel.<\/li><li>Entscheidung \u00fcber den Inhalt der Jugendordnung.<\/li><li>Die\nordentliche Jugendversammlung findet j\u00e4hrlich mindestens einmal vor der\nJahreshauptversammlung des Skiteam Bellersheim e.V. statt. Sie wird mindestens sieben\nTage vorher vom Vereinsjugendvorstand unter Bekanntgabe der Tagesordnung\nschriftlich einberufen und \u00fcber die Vereinshomepage angek\u00fcndigt. Auch\nEinladungen auf elektronischem Weg gelten als ordnungsgem\u00e4\u00dfe Einladung. <\/li><li>Die\nVersammlung ist unabh\u00e4ngig von der Anzahl der erschienenen Mitglieder\nbeschlussf\u00e4hig. Beschl\u00fcsse werden mit einfacher Mehrheit der Anwesenden\ngefasst. Bei Stimmengleichheit entscheidet die Stimme des Jugendsprechers,\nStimmenthaltungen werden nicht mitgez\u00e4hlt.<\/li><li>Der\nJugendwart leitet die Vereinsjugendversammlung. Bei Abwesenheit wird ein\nVersammlungsleiter gew\u00e4hlt.<\/li><\/ul>\n\n\n\n<p><strong>\u00a7 6 Vereinsjugendvorstand<\/strong><\/p>\n\n\n\n<ol class=\"wp-block-list\"><li>Der\nVereinsjugendvorstand besteht aus<\/li><li>der\n<strong>Jugendwart<\/strong> als Vorsitzender. Er ist\nzum Zeitpunkt der Wahl mindestens 18 Jahre alt.<\/li><li>dem <strong>Jugendsprecher<\/strong>\nder\ndas 27. Lebensjahr noch nicht vollendet hat. Er ist der Stellvertreter des\nJugendwarts. <\/li><li>einer nach Bedarf festzusetzenden Anzahl von <strong>Beisitzern<\/strong>, mindestens aber einer.<\/li><li>Der\nVereinsjugendvorstand ist zust\u00e4ndig f\u00fcr die Kinder- und Jugendangelegenheiten\ndes Vereins. Er entscheidet \u00fcber die Verwendung spezieller Mittel im Rahmen der\nBeschl\u00fcsse der Jugendversammlung.<\/li><li>Zu\nden Aufgaben des Jugendvorstandes geh\u00f6ren die <strong>Planung von Vereinsangeboten<\/strong> der fachlichen und \u00fcberfachlichen\nJugendarbeit f\u00fcr Kinder und Jugendliche (siehe Ideenliste in der Infothek der\nSportjugend Hessen), <strong>die Umsetzung der\nGrunds\u00e4tze<\/strong> und die <strong>Vertretung<\/strong>\nder Vereinsjugendinteressen nach innen (Impulse f\u00fcr attraktive neue Angebote)\nund au\u00dfen (Kontakt zur Sportkreisjugend, zu anderen Vereinen, zur\nJugendpflege), siehe \u00a7 3.<\/li><li>In\nden Vereinsjugendvorstand ist jedes Vereinsmitglied w\u00e4hlbar; f\u00fcr Jugendsprecher\ngilt eine Altersbegrenzung. Die Mitglieder des Vereinsjugendvorstands werden in\nder jeweiligen Jugendversammlung f\u00fcr die Dauer von 2 Jahren gew\u00e4hlt.<\/li><li>Der\nVereinsjugendvorstand erf\u00fcllt seine Aufgaben im Rahmen der Jugendordnung, der\nBeschl\u00fcsse der Vereinsjugendversammlung und der Vereinssatzung.<\/li><li>Die\nTreffen des Vereinsjugendvorstandes finden nach Bedarf statt.<\/li><li>In Absprache mit dem\nVereinsjugendvorstand k\u00f6nnen weitere Personen oder ganze <strong>Juniorteams<\/strong> konkrete, meist zeitlich begrenzte Projekte\ndurchf\u00fchren.<\/li><\/ol>\n\n\n\n<p><strong>\u00a7 7 Jugendordnungs\u00e4nderungen<\/strong><\/p>\n\n\n\n<p>\u00c4nderungen\nder Jugendordnung k\u00f6nnen nur nach vorheriger Ank\u00fcndigung von der j\u00e4hrlichen\nVereinsjugendversammlung oder einer speziell zu diesem Zwecke einberufenen\nau\u00dferordentlichen Vereinsjugendversammlung beschlossen werden.<\/p>\n\n\n\n<p>Sie\nbed\u00fcrfen der Zustimmung von mindestens 2\/3 der anwesenden Stimmberechtigten.<\/p>\n\n\n\n<p><strong>\u00a7 8 Inkrafttreten<\/strong><\/p>\n\n\n\n<p>Die Jugendordnung tritt mit dem Beschluss der\nJugendvollversammlung vom 23.05.2019 und Best\u00e4tigung durch die\nMitgliederversammlung vom xx.xx.2019 in Kraft.<\/p>\n\n\n\n<p>Bellersheim, den 23.05.2019<\/p>\n","protected":false},"excerpt":{"rendered":"<p>Pr\u00e4ambel Der Verein Skiteam Bellersheim e.V. m\u00f6chte seinen jungen Mitgliedern die M\u00f6glichkeit und die Verantwortung f\u00fcr die Entwicklung eigener Ideen und W\u00fcnsche geben. Er erhofft sich von dem Jugendvorstand, dass er mit Eigeninitiative die Zukunft unseres Vereins mitgestaltet und daf\u00fcr Sorge tr\u00e4gt, dass der Verein weiterhin auch f\u00fcr junge Menschen attraktiv bleibt. Die Basis hierf\u00fcr [&hellip;]<\/p>\n","protected":false},"author":1,"featured_media":0,"parent":205,"menu_order":10,"comment_status":"closed","ping_status":"closed","template":"","meta":{"ngg_post_thumbnail":0,"footnotes":""},"class_list":["post-1655","page","type-page","status-publish","hentry"],"_links":{"self":[{"href":"https:\/\/www.skiteam-bellersheim.de\/index.php?rest_route=\/wp\/v2\/pages\/1655","targetHints":{"allow":["GET"]}}],"collection":[{"href":"https:\/\/www.skiteam-bellersheim.de\/index.php?rest_route=\/wp\/v2\/pages"}],"about":[{"href":"https:\/\/www.skiteam-bellersheim.de\/index.php?rest_route=\/wp\/v2\/types\/page"}],"author":[{"embeddable":true,"href":"https:\/\/www.skiteam-bellersheim.de\/index.php?rest_route=\/wp\/v2\/users\/1"}],"replies":[{"embeddable":true,"href":"https:\/\/www.skiteam-bellersheim.de\/index.php?rest_route=%2Fwp%2Fv2%2Fcomments&post=1655"}],"version-history":[{"count":1,"href":"https:\/\/www.skiteam-bellersheim.de\/index.php?rest_route=\/wp\/v2\/pages\/1655\/revisions"}],"predecessor-version":[{"id":1656,"href":"https:\/\/www.skiteam-bellersheim.de\/index.php?rest_route=\/wp\/v2\/pages\/1655\/revisions\/1656"}],"up":[{"embeddable":true,"href":"https:\/\/www.skiteam-bellersheim.de\/index.php?rest_route=\/wp\/v2\/pages\/205"}],"wp:attachment":[{"href":"https:\/\/www.skiteam-bellersheim.de\/index.php?rest_route=%2Fwp%2Fv2%2Fmedia&parent=1655"}],"curies":[{"name":"wp","href":"https:\/\/api.w.org\/{rel}","templated":true}]}}